prime?
False
Is 14173 composite?
False
Is 18033203 prime?
True
Is 5217439 a composite number?
False
Is 20079233 a prime number?
True
Is 181044335 a prime number?
False
Is 2910601 prime?
False
Is 26931407 a prime number?
False
Is 356693 a composite number?
False
Is 75562783 a composite number?
False
Is 3308779 a composite number?
True
Is 35419 composite?
False
Is 21127573 a prime number?
False
Is 117346283 prime?
True
Is 229619317 composite?
False
Is 556863 a composite number?
True
Is 72242147 prime?
False
Is 7092361 composite?
True
Is 20371051 composite?
False
Is 53474 a composite number?
True
Is 1888097 a prime number?
True
Is 1263217 composite?
True
Is 38351 composite?
False
Is 5619071 prime?
True
Is 6436237 a composite number?
False
Is 332699 a prime number?
True
Is 53118647 composite?
False
Is 292704227 a prime number?
True
Is 13910191 a prime number?
True
Is 3423223 prime?
True
Is 941351 prime?
True
Is 134414747 composite?
True
Is 2292163 prime?
True
Is 31691843 composite?
False
Is 201940273 a composite number?
False
Is 10670371 prime?
True
Is 182446933 a composite number?
False
Is 1663169 a prime number?
True
Is 694313 composite?
False
Is 274819177 composite?
False
Is 680624939 prime?
False
Is 5005943 composite?
True
Is 827459 prime?
False
Is 5002561 composite?
False
Is 168926911 prime?
True
Is 4207649 composite?
True
Is 737747 prime?
True
Is 326059259 prime?
True
Is 577326973 a prime number?
True
Is 7906537 composite?
True
Is 4944659 a composite number?
False
Is 324670459 prime?
False
Is 1564537 a prime number?
False
Is 41651251 a composite number?
False
Is 213841801 composite?
True
Is 18381497 prime?
False
Is 172127 a composite number?
False
Is 100244541 prime?
False
Is 53317369 a prime number?
False
Is 4197031 prime?
True
Is 474143 prime?
True
Is 5247871 a prime number?
True
Is 1100321017 prime?
False
Is 496123 a prime number?
True
Is 232613 composite?
True
Is 3371801 a prime number?
False
Is 6118699 a composite number?
False
Is 417408785 a prime number?
False
Is 112114043 a prime number?
True
Is 82294349 prime?
False
Is 85039 a composite number?
True
Is 84649111 a composite number?
True
Is 22489595 prime?
False
Is 98723269 prime?
False
Is 15489763 prime?
True
Is 1968697 prime?
False
Is 16049339 a prime number?
False
Is 25387319 a prime number?
True
Is 42676303 prime?
True
Is 9056953 a prime number?
True
Is 26254495 prime?
False
Is 16890527 a composite number?
False
Is 238991 composite?
False
Is 31424867 a composite number?
False
Is 767447 a prime number?
False
Is 211493635 a composite number?
True
Is 743532469 a prime number?
True
Is 2094562141 prime?
False
Is 333580361 composite?
True
Is 4361759 composite?
True
Is 1220309 composite?
False
Is 248028701 composite?
True
Is 1404733 a composite number?
True
Is 203676197 a prime number?
True
Is 1977863 prime?
True
Is 38925911 a prime number?
False
Is 268862489 composite?
True
Is 474696889 a prime number?
True
Is 53238041 prime?
True
Is 81797 prime?
False
Is 2456877 composite?
True
Is 1354531 composite?
True
Is 251893703 prime?
False
Is 69408173 prime?
False
Is 12880559 prime?
True
Is 14916929 composite?
False
Is 52243283 composite?
False
Is 49099277 prime?
True
Is 25790897 prime?
False
Is 124060285 a composite number?
True
Is 1914853 composite?
False
Is 325002373 a composite number?
False
Is 5367358 a prime number?
False
Is 943531 composite?
True
Is 950721769 a composite number?
False
Is 2098729 composite?
False
Is 6458807 a composite number?
True
Is 1652037 a composite number?
True
Is 26049277 composite?
False
Is 514952435 composite?
True
Is 1314443 a prime number?
False
Is 2457599 composite?
True
Is 816228913 a prime number?
False
Is 7322489 prime?
True
Is 70158457 a prime number?
True
Is 87721217 a composite number?
True
Is 1366513 a composite number?
True
Is 744851 a composite number?
True
Is 101236801 prime?
True
Is 2981599 composite?
True
Is 436624913 composite?
False
Is 6820769 prime?
True
Is 13734883 composite?
True
Is 1237619 a prime number?
True
Is 29260759 a prime number?
False
Is 127633951 prime?
False
Is 100965857 a prime number?
True
Is 1336639 a composite number?
True
Is 36226301 a prime number?
True
Is 78413519 prime?
True
Is 481823 composite?
True
Is 2441107 a prime number?
True
Is 23969531 prime?
True
Is 111913579 a prime number?
False
Is 547849 composite?
False
Is 1704353 a composite number?
True
Is 12788669 a prime number?
True
Is 6072749 a composite number?
True
Is 101718307 a composite number?
False
Is 48593561 prime?
True
Is 476137 composite?
False
Is 1030463 a composite number?
True
Is 865433 prime?
False
Is 83839411 a prime number?
True
Is 45535163 prime?
False
Is 1395301 composite?
False
Is 2355459 composite?
True
Is 2780957 a prime number?
False
Is 401223803 composite?
False
Is 313289 prime?
True
Is 4962511 a composite number?
True
Is 3595769 a prime number?
False
Is 4040207 a prime number?
True
Is 15824057 a prime number?
True
Is 19677503 composite?
True
Is 1330943 a prime number?
True
Is 8624429 a prime number?
False
Is 8473109 a prime number?
False
Is 40022513 a composite number?
True
Is 25523917 prime?
True
Is 94553021 composite?
True
Is 971363 a composite number?
True
Is 364447 prime?
True
Is 112840151 composite?
True
Is 167241889 a composite number?
False
Is 7639607 prime?
True
Is 63649049 composite?
True
Is 16128973 composite?
True
Is 4236835 prime?
False
Is 880939 prime?
True
Is 1411769 prime?
True
Is 6223757 composite?
False
Is 30388907 a prime number?
True
Is 47924587 prime?
True
Is 3953687 prime?
False
Is 116094691 composite?
True
Is 2731327 composite?
False
Is 6958649 a prime number?
True
Is 29666401 prime?
True
Is 200710693 a prime number?
False
Is 15669373 a prime number?
True
Is 134998679 composite?
False
Is 45187391 a prime number?
True
Is 92685701 a prime number?
True
Is 4023637 a prime number?
False
Is 17691859 composite?
True
Is 167801411 a prime number?
True
Is 133616971 composite?
False
Is 2432821 prime?
False
Is 18065807 composite?
True
Is 3907639 a composite number?
True
Is 8944973 a composite number?
False
Is 1429793303 a prime number?
True
Is 460130611 prime?
False
Is 89916887 a composite number?
False
Is 29222593 a prime number?
True
Is 31017579 prime?
False
Is 10978301 a prime number?
True
Is 191892977 composite?
True
Is 1078559 prime?
True
Is 550003 a prime number?
False
Is 1124333 a prime number?
False
Is 52061509 a prime number?
True
Is 1756309 composite?
False
Is 8314949 composite?
False
Is 98593349 a prime number?
True
Is 3429103 a composite number?
True
Is 28771447 a composite number?
False
Is 23951465 a composite number?
True
Is 188579561 a composite number?
False
Is 5511449 a composite number?
True
Is 39227421 composite?
True
Is 1858477 composite?
True
Is 601369931 prime?
False
Is 1005821 composite?
False
Is 31111449 a composite number?
True
Is 157572671 a prime number?
True
Is 109322731 a composite number?
True
Is 234607063 composite?
True
Is 3171383 composite?
False
Is 25422283 a prime number?
True
Is 4954073 composite?
True
Is 8157593 a composite number?
True
Is 11199886 a prime number?
False
Is 6416923 composite?
False
Is 31851401 prime?
False
Is 158922053 a prime number?
True
Is 2250407 composite?
True
Is 58712189 a composite number?
False
Is 849469 a composite number?
True
Is 496757 a composite number?
True
Is 121321471 prime?
False
Is 28325357 prime?
True
Is 6566855 composite?
True
Is 5514107 prime?
True
Is 1411497273 composite?
True
Is 6158723 composite?
False
Is 3718021 a composite number?
False
Is 698005631 composite?
False
Is 24002569 composite?
True
Is 1053179 composite?
False
Is 183637 prime?
True
Is 21971111 a prime number?
True
Is 20161087 composite?
True
Is 1557636303 a prime number?
False
Is 70607 composite?
False
Is 7662199 prime?
False
Is 2975461 composite?
True
Is 922549 composite?
False
Is 27961127 prime?
False
Is 8079397 prime?
True
Is 4825499 a composite number?
True
Is 18170117 a composite number?
True
Is 52192279 a prime number?
True
Is 41608249 a composite number?
False
Is 14926643 a composite number?
False
Is 9473869 a prime number?
False
Is 38629 a prime number?
True
Is 31918253 a composite number?
False
Is 760159 a composite number?
True
Is 1323659 prime?
True
Is 37634521 prime?
True
Is 1110652